{"id":39,"date":"2018-11-14T11:04:02","date_gmt":"2018-11-14T11:04:02","guid":{"rendered":"http:\/\/altinyayla.org.tr\/?page_id=39"},"modified":"2018-11-14T11:04:02","modified_gmt":"2018-11-14T11:04:02","slug":"degerlerimiz","status":"publish","type":"page","link":"https:\/\/altinyayla.org.tr\/index.php\/degerlerimiz\/","title":{"rendered":"De\u011ferlerimiz"},"content":{"rendered":"<ul>\n<li>\u0130nsan de\u011ferli ve y\u00fcce bir varl\u0131kt\u0131r.<\/li>\n<li>\u00a0 \u201c\u00d6nce insan\u201d anlay\u0131\u015f\u0131 ile ba\u015far\u0131l\u0131 olaca\u011f\u0131z.<\/li>\n<li>\u00dcyelerimizin memnuniyeti esast\u0131r.<\/li>\n<li>Derne\u011fimizde geli\u015fmek, de\u011fi\u015fmektir.<\/li>\n<li>Geli\u015fmeye, t\u00fcm \u00fcyelerimizin a\u00e7\u0131k olmas\u0131n\u0131 hedefleriz.<\/li>\n<li>\u00dcyelerimizin g\u00f6r\u00fc\u015f ve \u00f6nerileri bir iyile\u015ftirme f\u0131rsat\u0131d\u0131r.<\/li>\n<li>Problemleri, iyile\u015ftirmek i\u00e7in f\u0131rsat biliriz.<\/li>\n<li>Sistem geli\u015ftirmede, Toplam Kalite Y\u00f6netim felsefesi bir ara\u00e7t\u0131r.<\/li>\n<li>Bir i\u015fi ilk defada do\u011fru ve tam yapmak \u00f6nemlidir.<\/li>\n<li>Kaliteli ileti\u015fim, \u00e7ift y\u00f6nl\u00fc ileti\u015fimdir.<\/li>\n<li>Anla\u015f\u0131lmaktan \u00e7ok, anlamaya \u00f6nem veririz.<\/li>\n<li>\u0130leti\u015fimde hiyerar\u015fik sayg\u0131nl\u0131\u011f\u0131 \u00f6nemsiyoruz.<\/li>\n<li>Y\u00f6netimde liderli\u011fi ve profesyonelli\u011fi esas al\u0131yoruz.<\/li>\n<li>\u201cBen\u201d yerine \u201cBiz\u201d anlay\u0131\u015f\u0131n\u0131 benimsiyoruz.<\/li>\n<li>\u201c\u00c7orbada benim de tuzum var\u201d diyen herkes bir \u00fcyemizdir.<\/li>\n<li>Herkesin i\u00e7indeki enerjisini a\u00e7\u0131\u011fa \u00e7\u0131karmas\u0131na f\u0131rsat veririz.<\/li>\n<li>B\u00fct\u00fcn yetenekleri en iyi \u015fekilde de\u011ferlendiririz.<\/li>\n<li>\u00d6\u011frenen organizasyon olmay\u0131 \u00f6nemsiyoruz.<\/li>\n<li>Zaman israf\u0131, kay\u0131plar\u0131m\u0131z\u0131n en b\u00fcy\u00fc\u011f\u00fcd\u00fcr.<\/li>\n<li>\u00d6zdenetim, denetimlerin en g\u00fczelidir.<\/li>\n<li>Ge\u00e7mi\u015fe vefa biz de bir bor\u00e7tur.<\/li>\n<\/ul>\n","protected":false},"excerpt":{"rendered":"<p>\u0130nsan de\u011ferli ve y\u00fcce bir varl\u0131kt\u0131r. \u00a0 \u201c\u00d6nce insan\u201d anlay\u0131\u015f\u0131 ile ba\u015far\u0131l\u0131 olaca\u011f\u0131z. \u00dcyelerimizin memnuniyeti esast\u0131r. Derne\u011fimizde geli\u015fmek, de\u011fi\u015fmektir. Geli\u015fmeye, t\u00fcm \u00fcyelerimizin a\u00e7\u0131k olmas\u0131n\u0131 hedefleriz. \u00dcyelerimizin g\u00f6r\u00fc\u015f ve \u00f6nerileri bir iyile\u015ftirme f\u0131rsat\u0131d\u0131r. Problemleri, iyile\u015ftirmek i\u00e7in f\u0131rsat biliriz. Sistem geli\u015ftirmede, Toplam Kalite Y\u00f6netim felsefesi bir ara\u00e7t\u0131r. Bir i\u015fi ilk defada do\u011fru ve tam yapmak \u00f6nemlidir. Kaliteli [&hellip;]<\/p>\n","protected":false},"author":1,"featured_media":0,"parent":0,"menu_order":0,"comment_status":"closed","ping_status":"closed","template":"","meta":[],"_links":{"self":[{"href":"https:\/\/altinyayla.org.tr\/index.php\/wp-json\/wp\/v2\/pages\/39"}],"collection":[{"href":"https:\/\/altinyayla.org.tr\/index.php\/wp-json\/wp\/v2\/pages"}],"about":[{"href":"https:\/\/altinyayla.org.tr\/index.php\/wp-json\/wp\/v2\/types\/page"}],"author":[{"embeddable":true,"href":"https:\/\/altinyayla.org.tr\/index.php\/wp-json\/wp\/v2\/users\/1"}],"replies":[{"embeddable":true,"href":"https:\/\/altinyayla.org.tr\/index.php\/wp-json\/wp\/v2\/comments?post=39"}],"version-history":[{"count":1,"href":"https:\/\/altinyayla.org.tr\/index.php\/wp-json\/wp\/v2\/pages\/39\/revisions"}],"predecessor-version":[{"id":40,"href":"https:\/\/altinyayla.org.tr\/index.php\/wp-json\/wp\/v2\/pages\/39\/revisions\/40"}],"wp:attachment":[{"href":"https:\/\/altinyayla.org.tr\/index.php\/wp-json\/wp\/v2\/media?parent=39"}],"curies":[{"name":"wp","href":"https:\/\/api.w.org\/{rel}","templated":true}]}}