{"id":36,"date":"2018-11-14T11:02:30","date_gmt":"2018-11-14T11:02:30","guid":{"rendered":"http:\/\/altinyayla.org.tr\/?page_id=36"},"modified":"2018-11-14T11:58:55","modified_gmt":"2018-11-14T11:58:55","slug":"misyon-ve-vizyonumuz","status":"publish","type":"page","link":"https:\/\/altinyayla.org.tr\/index.php\/misyon-ve-vizyonumuz\/","title":{"rendered":"Misyon ve Vizyonumuz"},"content":{"rendered":"<ul>\n<li>Toplumumuzun de\u011ferleri ile \u00f6rt\u00fc\u015fen, sosyal ve k\u00fclt\u00fcrel yap\u0131m\u0131z\u0131 , sevgi ve sayg\u0131 \u00e7er\u00e7evesi i\u00e7inde, dostluk ve karde\u015flik ilkeleri do\u011frultusunda, yard\u0131mla\u015fman\u0131n ve dayan\u0131\u015fman\u0131n esas al\u0131nd\u0131\u011f\u0131, \u00e7a\u011fda\u015f metot ve teknikleri kullanarak, profesyonel y\u00f6netim anlay\u0131\u015f\u0131 i\u00e7inde, \u00fcyelerin mutlulu\u011funu esas alan \u00f6rnek bir dernek olmakt\u0131r.<\/li>\n<li>Y\u00f6netimde \u00f6nc\u00fcl\u00fck anlay\u0131\u015f\u0131 i\u00e7erisinde, \u00fcyeler aras\u0131nda koordinasyonu ve kar\u015f\u0131l\u0131kl\u0131 ileti\u015fimi sa\u011flamak.<\/li>\n<li>Ama\u00e7 ve hedeflerimize ula\u015fmak i\u00e7in ara\u015ft\u0131rma yapmak, yeniliklere a\u00e7\u0131k olmak.<\/li>\n<li>Etkili\u00a0 \u00f6zdenetim ve ileti\u015fimi kurmak.<\/li>\n<li>\u00c7a\u011f\u0131n gerektirdi\u011fi geli\u015fim ve de\u011fi\u015fime uygun olarak, insan kaynaklar\u0131n\u0131 ve maddi kaynaklar\u0131 etkili ve verimli kullanmak.<\/li>\n<\/ul>\n","protected":false},"excerpt":{"rendered":"<p>Toplumumuzun de\u011ferleri ile \u00f6rt\u00fc\u015fen, sosyal ve k\u00fclt\u00fcrel yap\u0131m\u0131z\u0131 , sevgi ve sayg\u0131 \u00e7er\u00e7evesi i\u00e7inde, dostluk ve karde\u015flik ilkeleri do\u011frultusunda, yard\u0131mla\u015fman\u0131n ve dayan\u0131\u015fman\u0131n esas al\u0131nd\u0131\u011f\u0131, \u00e7a\u011fda\u015f metot ve teknikleri kullanarak, profesyonel y\u00f6netim anlay\u0131\u015f\u0131 i\u00e7inde, \u00fcyelerin mutlulu\u011funu esas alan \u00f6rnek bir dernek olmakt\u0131r. Y\u00f6netimde \u00f6nc\u00fcl\u00fck anlay\u0131\u015f\u0131 i\u00e7erisinde, \u00fcyeler aras\u0131nda koordinasyonu ve kar\u015f\u0131l\u0131kl\u0131 ileti\u015fimi sa\u011flamak. Ama\u00e7 ve hedeflerimize [&hellip;]<\/p>\n","protected":false},"author":1,"featured_media":0,"parent":0,"menu_order":0,"comment_status":"closed","ping_status":"closed","template":"","meta":[],"_links":{"self":[{"href":"https:\/\/altinyayla.org.tr\/index.php\/wp-json\/wp\/v2\/pages\/36"}],"collection":[{"href":"https:\/\/altinyayla.org.tr\/index.php\/wp-json\/wp\/v2\/pages"}],"about":[{"href":"https:\/\/altinyayla.org.tr\/index.php\/wp-json\/wp\/v2\/types\/page"}],"author":[{"embeddable":true,"href":"https:\/\/altinyayla.org.tr\/index.php\/wp-json\/wp\/v2\/users\/1"}],"replies":[{"embeddable":true,"href":"https:\/\/altinyayla.org.tr\/index.php\/wp-json\/wp\/v2\/comments?post=36"}],"version-history":[{"count":2,"href":"https:\/\/altinyayla.org.tr\/index.php\/wp-json\/wp\/v2\/pages\/36\/revisions"}],"predecessor-version":[{"id":46,"href":"https:\/\/altinyayla.org.tr\/index.php\/wp-json\/wp\/v2\/pages\/36\/revisions\/46"}],"wp:attachment":[{"href":"https:\/\/altinyayla.org.tr\/index.php\/wp-json\/wp\/v2\/media?parent=36"}],"curies":[{"name":"wp","href":"https:\/\/api.w.org\/{rel}","templated":true}]}}